{"id":297,"date":"2025-11-21T19:44:32","date_gmt":"2025-11-21T19:44:32","guid":{"rendered":"https:\/\/cam-immo.fr\/?page_id=297"},"modified":"2025-11-27T10:17:51","modified_gmt":"2025-11-27T10:17:51","slug":"a-propos","status":"publish","type":"page","link":"https:\/\/cam-immo.fr\/index.php\/a-propos\/","title":{"rendered":"A propos"},"content":{"rendered":"\t\t<div data-elementor-type=\"wp-page\" data-elementor-id=\"297\" class=\"elementor elementor-297\">\n\t\t\t\t<div class=\"elementor-element elementor-element-b6c76fb e-flex e-con-boxed e-con e-parent\" data-id=\"b6c76fb\" data-element_type=\"container\" data-settings=\"{&quot;background_background&quot;:&quot;classic&quot;}\">\n\t\t\t\t\t<div class=\"e-con-inner\">\n\t\t<div class=\"elementor-element elementor-element-f749c50 e-con-full e-flex e-con e-child\" data-id=\"f749c50\" data-element_type=\"container\">\n\t\t\t\t<div class=\"elementor-element elementor-element-dc5af53 eael-dual-header-content-align-left eael-dual-header-content-mobile-align-center elementor-widget elementor-widget-eael-dual-color-header\" data-id=\"dc5af53\" data-element_type=\"widget\" data-widget_type=\"eael-dual-color-header.default\">\n\t\t\t\t\t\t\t\t<div class=\"eael-dual-header\">\n\t\t\t\t<h1 class=\"title eael-dch-title\"><span class=\"eael-dch-title-text elementor-repeater-item-db8fba1\">A propos de Cam-Immo<\/span> <\/h1>\t\t\t<\/div>\n\n\t\t\t\t\t\t<\/div>\n\t\t\t\t<div class=\"elementor-element elementor-element-dabe7be elementor-widget elementor-widget-text-editor\" data-id=\"dabe7be\" data-element_type=\"widget\" data-widget_type=\"text-editor.default\">\n\t\t\t\t\t\t\t\t\t<p>Camille Blanc conseiller immobilier ind\u00e9pendant<\/p>\t\t\t\t\t\t\t\t<\/div>\n\t\t\t\t<\/div>\n\t\t\t\t\t<\/div>\n\t\t\t\t<\/div>\n\t\t<div class=\"elementor-element elementor-element-6e7143b e-flex e-con-boxed e-con e-parent\" data-id=\"6e7143b\" data-element_type=\"container\">\n\t\t\t\t\t<div class=\"e-con-inner\">\n\t\t<div class=\"elementor-element elementor-element-6f41506 e-con-full e-flex e-con e-child\" data-id=\"6f41506\" data-element_type=\"container\">\n\t\t\t\t<div class=\"elementor-element elementor-element-504f6e5 elementor-widget elementor-widget-heading\" data-id=\"504f6e5\" data-element_type=\"widget\" data-widget_type=\"heading.default\">\n\t\t\t\t\t<h2 class=\"elementor-heading-title elementor-size-default\">Votre expert immobilier \u00e0 Marseille<\/h2>\t\t\t\t<\/div>\n\t\t\t\t<div class=\"elementor-element elementor-element-2a12275 elementor-widget elementor-widget-text-editor\" data-id=\"2a12275\" data-element_type=\"widget\" data-widget_type=\"text-editor.default\">\n\t\t\t\t\t\t\t\t\t<p>En tant que <strong>mandataire immobilier ind\u00e9pendant IAD France \u00e0 Marseille<\/strong>, j\u2019accompagne chaque propri\u00e9taire avec une approche fond\u00e9e sur la transparence, l\u2019honn\u00eatet\u00e9 et le professionnalisme.<\/p><p>Mon r\u00f4le n\u2019est pas de promettre la lune, mais de vous offrir une expertise fiable, bas\u00e9e sur une r\u00e9elle connaissance du march\u00e9 marseillais et des communes voisines : Allauch, Plan-de-Cuques, Aubagne, Cassis et l\u2019ensemble du secteur Est de Marseille.<\/p>\t\t\t\t\t\t\t\t<\/div>\n\t\t\t\t<div class=\"elementor-element elementor-element-7352207 elementor-widget elementor-widget-text-editor\" data-id=\"7352207\" data-element_type=\"widget\" data-widget_type=\"text-editor.default\">\n\t\t\t\t\t\t\t\t\t<p><strong>Sp\u00e9cialis\u00e9 dans l\u2019estimation immobili\u00e8re \u00e0 Marseille<\/strong>, je vous fournis un prix juste, r\u00e9aliste et coh\u00e9rent avec les tendances actuelles du march\u00e9. Une estimation honn\u00eate est la cl\u00e9 pour vendre dans de bonnes conditions : ni trop basse \u2014 au risque de brader votre bien \u2014 ni artificiellement \u00e9lev\u00e9e, ce qui allonge inutilement les d\u00e9lais et d\u00e9courage les acheteurs.<br \/><br \/><strong>Mon engagement<\/strong> : vous dire la v\u00e9rit\u00e9, avec p\u00e9dagogie et professionnalisme.<\/p>\t\t\t\t\t\t\t\t<\/div>\n\t\t\t\t<\/div>\n\t\t<div class=\"elementor-element elementor-element-f086c5e e-con-full e-flex e-con e-child\" data-id=\"f086c5e\" data-element_type=\"container\">\n\t\t\t\t<div class=\"elementor-element elementor-element-153e6cc elementor-widget elementor-widget-image\" data-id=\"153e6cc\" data-element_type=\"widget\" data-widget_type=\"image.default\">\n\t\t\t\t\t\t\t\t\t\t\t\t\t\t\t<img fetchpriority=\"high\" decoding=\"async\" width=\"500\" height=\"500\" src=\"https:\/\/cam-immo.fr\/wp-content\/uploads\/2025\/11\/2.png\" class=\"attachment-full size-full wp-image-21\" alt=\"logo cam immo marseille complet\" srcset=\"https:\/\/cam-immo.fr\/wp-content\/uploads\/2025\/11\/2.png 500w, https:\/\/cam-immo.fr\/wp-content\/uploads\/2025\/11\/2-300x300.png 300w, https:\/\/cam-immo.fr\/wp-content\/uploads\/2025\/11\/2-150x150.png 150w\" sizes=\"(max-width: 500px) 100vw, 500px\" \/>\t\t\t\t\t\t\t\t\t\t\t\t\t\t\t<\/div>\n\t\t\t\t<div class=\"elementor-element elementor-element-a3acfff elementor-widget elementor-widget-image\" data-id=\"a3acfff\" data-element_type=\"widget\" data-widget_type=\"image.default\">\n\t\t\t\t\t\t\t\t\t\t\t\t\t\t\t<img decoding=\"async\" width=\"500\" height=\"500\" src=\"https:\/\/cam-immo.fr\/wp-content\/uploads\/2025\/11\/test-logo-cam-immo-7.png\" class=\"attachment-full size-full wp-image-83\" alt=\"Camille BLANC, mandataire immobilier \u00e0 Marseille \u2013 Cam-Immo\" srcset=\"https:\/\/cam-immo.fr\/wp-content\/uploads\/2025\/11\/test-logo-cam-immo-7.png 500w, https:\/\/cam-immo.fr\/wp-content\/uploads\/2025\/11\/test-logo-cam-immo-7-300x300.png 300w, https:\/\/cam-immo.fr\/wp-content\/uploads\/2025\/11\/test-logo-cam-immo-7-150x150.png 150w\" sizes=\"(max-width: 500px) 100vw, 500px\" \/>\t\t\t\t\t\t\t\t\t\t\t\t\t\t\t<\/div>\n\t\t\t\t<\/div>\n\t\t\t\t\t<\/div>\n\t\t\t\t<\/div>\n\t\t<div class=\"elementor-element elementor-element-50e7748 e-flex e-con-boxed e-con e-parent\" data-id=\"50e7748\" data-element_type=\"container\" data-settings=\"{&quot;background_background&quot;:&quot;classic&quot;}\">\n\t\t\t\t\t<div class=\"e-con-inner\">\n\t\t<div class=\"elementor-element elementor-element-f568d58 e-con-full e-flex e-con e-child\" data-id=\"f568d58\" data-element_type=\"container\">\n\t\t\t\t<div class=\"elementor-element elementor-element-4b8a64d elementor-widget elementor-widget-heading\" data-id=\"4b8a64d\" data-element_type=\"widget\" data-widget_type=\"heading.default\">\n\t\t\t\t\t<h2 class=\"elementor-heading-title elementor-size-default\">L'accompagnement Cam-immo<\/h2>\t\t\t\t<\/div>\n\t\t\t\t<div class=\"elementor-element elementor-element-7bce4e1 elementor-widget elementor-widget-text-editor\" data-id=\"7bce4e1\" data-element_type=\"widget\" data-widget_type=\"text-editor.default\">\n\t\t\t\t\t\t\t\t\t<p>Mon accompagnement va bien au-del\u00e0 du simple avis de valeur. Je mets \u00e0 votre service une d\u00e9marche compl\u00e8te pour vous aider \u00e0 vendre rapidement et au meilleur prix :<\/p>\t\t\t\t\t\t\t\t<\/div>\n\t\t\t\t<\/div>\n\t\t<div class=\"elementor-element elementor-element-2cb0e51 e-con-full e-flex e-con e-child\" data-id=\"2cb0e51\" data-element_type=\"container\">\n\t\t\t\t<div class=\"elementor-element elementor-element-582ccab elementor-widget elementor-widget-eael-feature-list\" data-id=\"582ccab\" data-element_type=\"widget\" data-widget_type=\"eael-feature-list.default\">\n\t\t\t\t\t\t\t<div class=\"-icon-position-left -tablet-icon-position-left -mobile-icon-position-left\">\n\t\t\t<ul id=\"eael-feature-list-582ccab\" class=\"eael-feature-list-items circle stacked connector-type-classic eael-feature-list-vertical\" data-layout-tablet=\"vertical\" data-layout-mobile=\"vertical\">\n\t\t\t                <li class=\"eael-feature-list-item elementor-repeater-item-f7feedd\">\n                                            <span class=\"connector\" style=\"right: calc(100% - 41px); left: 0;\"><\/span>\n                        <span class=\"connector connector-tablet\" style=\"right: calc(100% - 41px); left: 0;\"><\/span>\n                        <span class=\"connector connector-mobile\" style=\"right: calc(100% - 41px); left: 0;\"><\/span>\n                    \n\t\t\t\t\t\t<div class=\"eael-feature-list-icon-box\">\n\t\t\t\t\t\t\t<div class=\"eael-feature-list-icon-inner\">\n\n\t\t\t\t\t\t\t\t<span class=\"eael-feature-list-icon fl-icon-0\">\n\n\t\t\t\t\t\t\t\t\t\t<\/span>\n\t\t\t\t\t\t\t<\/div>\n\t\t\t\t\t\t<\/div>\n\t\t\t\t\t\t<div class=\"eael-feature-list-content-box\">\n                            <p class=\"eael-feature-list-title\">Analyse d\u00e9taill\u00e9e de votre bien et de son potentiel<\/p>\t\t\t\t\t\t<p class=\"eael-feature-list-content\"><\/p>\n\t\t\t\t\t\t<\/div>\n\n\t\t\t\t\t<\/li>\n\t\t\t\t                <li class=\"eael-feature-list-item elementor-repeater-item-77c8b5b\">\n                                            <span class=\"connector\" style=\"right: calc(100% - 41px); left: 0;\"><\/span>\n                        <span class=\"connector connector-tablet\" style=\"right: calc(100% - 41px); left: 0;\"><\/span>\n                        <span class=\"connector connector-mobile\" style=\"right: calc(100% - 41px); left: 0;\"><\/span>\n                    \n\t\t\t\t\t\t<div class=\"eael-feature-list-icon-box\">\n\t\t\t\t\t\t\t<div class=\"eael-feature-list-icon-inner\">\n\n\t\t\t\t\t\t\t\t<span class=\"eael-feature-list-icon fl-icon-1\">\n\n\t\t\t\t\t\t\t\t\t\t<\/span>\n\t\t\t\t\t\t\t<\/div>\n\t\t\t\t\t\t<\/div>\n\t\t\t\t\t\t<div class=\"eael-feature-list-content-box\">\n                            <p class=\"eael-feature-list-title\">Conseils pratiques pour optimiser la pr\u00e9sentation avant la mise en vente<\/p>\t\t\t\t\t\t<p class=\"eael-feature-list-content\"><\/p>\n\t\t\t\t\t\t<\/div>\n\n\t\t\t\t\t<\/li>\n\t\t\t\t                <li class=\"eael-feature-list-item elementor-repeater-item-6267c3c\">\n                                            <span class=\"connector\" style=\"right: calc(100% - 41px); left: 0;\"><\/span>\n                        <span class=\"connector connector-tablet\" style=\"right: calc(100% - 41px); left: 0;\"><\/span>\n                        <span class=\"connector connector-mobile\" style=\"right: calc(100% - 41px); left: 0;\"><\/span>\n                    \n\t\t\t\t\t\t<div class=\"eael-feature-list-icon-box\">\n\t\t\t\t\t\t\t<div class=\"eael-feature-list-icon-inner\">\n\n\t\t\t\t\t\t\t\t<span class=\"eael-feature-list-icon fl-icon-2\">\n\n\t\t\t\t\t\t\t\t\t\t<\/span>\n\t\t\t\t\t\t\t<\/div>\n\t\t\t\t\t\t<\/div>\n\t\t\t\t\t\t<div class=\"eael-feature-list-content-box\">\n                            <p class=\"eael-feature-list-title\">Valorisation professionnelle (photos, description soign\u00e9e, diffusion optimis\u00e9e<\/p>\t\t\t\t\t\t<p class=\"eael-feature-list-content\"><\/p>\n\t\t\t\t\t\t<\/div>\n\n\t\t\t\t\t<\/li>\n\t\t\t\t                <li class=\"eael-feature-list-item elementor-repeater-item-1eb2257\">\n                                            <span class=\"connector\" style=\"right: calc(100% - 41px); left: 0;\"><\/span>\n                        <span class=\"connector connector-tablet\" style=\"right: calc(100% - 41px); left: 0;\"><\/span>\n                        <span class=\"connector connector-mobile\" style=\"right: calc(100% - 41px); left: 0;\"><\/span>\n                    \n\t\t\t\t\t\t<div class=\"eael-feature-list-icon-box\">\n\t\t\t\t\t\t\t<div class=\"eael-feature-list-icon-inner\">\n\n\t\t\t\t\t\t\t\t<span class=\"eael-feature-list-icon fl-icon-3\">\n\n\t\t\t\t\t\t\t\t\t\t<\/span>\n\t\t\t\t\t\t\t<\/div>\n\t\t\t\t\t\t<\/div>\n\t\t\t\t\t\t<div class=\"eael-feature-list-content-box\">\n                            <p class=\"eael-feature-list-title\">Mise en avant sur les plateformes immobili\u00e8res et au sein du r\u00e9seau IAD<\/p>\t\t\t\t\t\t<p class=\"eael-feature-list-content\"><\/p>\n\t\t\t\t\t\t<\/div>\n\n\t\t\t\t\t<\/li>\n\t\t\t\t                <li class=\"eael-feature-list-item elementor-repeater-item-f516f6c\">\n                                            <span class=\"connector\" style=\"right: calc(100% - 41px); left: 0;\"><\/span>\n                        <span class=\"connector connector-tablet\" style=\"right: calc(100% - 41px); left: 0;\"><\/span>\n                        <span class=\"connector connector-mobile\" style=\"right: calc(100% - 41px); left: 0;\"><\/span>\n                    \n\t\t\t\t\t\t<div class=\"eael-feature-list-icon-box\">\n\t\t\t\t\t\t\t<div class=\"eael-feature-list-icon-inner\">\n\n\t\t\t\t\t\t\t\t<span class=\"eael-feature-list-icon fl-icon-4\">\n\n\t\t\t\t\t\t\t\t\t\t<\/span>\n\t\t\t\t\t\t\t<\/div>\n\t\t\t\t\t\t<\/div>\n\t\t\t\t\t\t<div class=\"eael-feature-list-content-box\">\n                            <p class=\"eael-feature-list-title\">Gestion des contacts, qualification des acheteurs et organisation des visites<\/p>\t\t\t\t\t\t<p class=\"eael-feature-list-content\"><\/p>\n\t\t\t\t\t\t<\/div>\n\n\t\t\t\t\t<\/li>\n\t\t\t\t                <li class=\"eael-feature-list-item elementor-repeater-item-9f90dee\">\n                                            <span class=\"connector\" style=\"right: calc(100% - 41px); left: 0;\"><\/span>\n                        <span class=\"connector connector-tablet\" style=\"right: calc(100% - 41px); left: 0;\"><\/span>\n                        <span class=\"connector connector-mobile\" style=\"right: calc(100% - 41px); left: 0;\"><\/span>\n                    \n\t\t\t\t\t\t<div class=\"eael-feature-list-icon-box\">\n\t\t\t\t\t\t\t<div class=\"eael-feature-list-icon-inner\">\n\n\t\t\t\t\t\t\t\t<span class=\"eael-feature-list-icon fl-icon-5\">\n\n\t\t\t\t\t\t\t\t\t\t<\/span>\n\t\t\t\t\t\t\t<\/div>\n\t\t\t\t\t\t<\/div>\n\t\t\t\t\t\t<div class=\"eael-feature-list-content-box\">\n                            <p class=\"eael-feature-list-title\">Accompagnement dans la n\u00e9gociation et pr\u00e9paration du compromis<\/p>\t\t\t\t\t\t<p class=\"eael-feature-list-content\"><\/p>\n\t\t\t\t\t\t<\/div>\n\n\t\t\t\t\t<\/li>\n\t\t\t\t\t\t\t<\/ul>\n\t\t<\/div>\n\t\t\t\t\t\t<\/div>\n\t\t\t\t<\/div>\n\t\t\t\t\t<\/div>\n\t\t\t\t<\/div>\n\t\t<div class=\"elementor-element elementor-element-7750ef9 e-flex e-con-boxed e-con e-parent\" data-id=\"7750ef9\" data-element_type=\"container\">\n\t\t\t\t\t<div class=\"e-con-inner\">\n\t\t<div class=\"elementor-element elementor-element-75a8253 e-con-full e-flex e-con e-child\" data-id=\"75a8253\" data-element_type=\"container\">\n\t\t\t\t<div class=\"elementor-element elementor-element-1d12785 elementor-widget elementor-widget-image\" data-id=\"1d12785\" data-element_type=\"widget\" data-widget_type=\"image.default\">\n\t\t\t\t\t\t\t\t\t\t\t\t\t\t\t<img decoding=\"async\" width=\"2000\" height=\"1823\" src=\"https:\/\/cam-immo.fr\/wp-content\/uploads\/2025\/11\/2885699-e1764238474418.jpg\" class=\"attachment-full size-full wp-image-424\" alt=\"picto expert immobilier marseille\" srcset=\"https:\/\/cam-immo.fr\/wp-content\/uploads\/2025\/11\/2885699-e1764238474418.jpg 2000w, https:\/\/cam-immo.fr\/wp-content\/uploads\/2025\/11\/2885699-e1764238474418-300x273.jpg 300w, https:\/\/cam-immo.fr\/wp-content\/uploads\/2025\/11\/2885699-e1764238474418-1024x933.jpg 1024w, https:\/\/cam-immo.fr\/wp-content\/uploads\/2025\/11\/2885699-e1764238474418-768x700.jpg 768w, https:\/\/cam-immo.fr\/wp-content\/uploads\/2025\/11\/2885699-e1764238474418-1536x1400.jpg 1536w\" sizes=\"(max-width: 2000px) 100vw, 2000px\" \/>\t\t\t\t\t\t\t\t\t\t\t\t\t\t\t<\/div>\n\t\t\t\t<\/div>\n\t\t<div class=\"elementor-element elementor-element-a18caaa e-con-full e-flex e-con e-child\" data-id=\"a18caaa\" data-element_type=\"container\">\n\t\t\t\t<div class=\"elementor-element elementor-element-5d869f1 elementor-widget elementor-widget-heading\" data-id=\"5d869f1\" data-element_type=\"widget\" data-widget_type=\"heading.default\">\n\t\t\t\t\t<h2 class=\"elementor-heading-title elementor-size-default\">La misssion de Cam-Immo<\/h2>\t\t\t\t<\/div>\n\t\t\t\t<div class=\"elementor-element elementor-element-eb7e022 elementor-widget elementor-widget-text-editor\" data-id=\"eb7e022\" data-element_type=\"widget\" data-widget_type=\"text-editor.default\">\n\t\t\t\t\t\t\t\t\t<p>Ma mission est simple : vous offrir un service s\u00e9rieux, humain et efficace, avec un suivi personnalis\u00e9 et une totale disponibilit\u00e9. Chaque \u00e9tape est expliqu\u00e9e, justifi\u00e9e et pens\u00e9e pour d\u00e9fendre vos int\u00e9r\u00eats, sans fausse promesse ni discours commercial exag\u00e9r\u00e9.<\/p>\t\t\t\t\t\t\t\t<\/div>\n\t\t\t\t<div class=\"elementor-element elementor-element-0372616 elementor-widget elementor-widget-text-editor\" data-id=\"0372616\" data-element_type=\"widget\" data-widget_type=\"text-editor.default\">\n\t\t\t\t\t\t\t\t\t<p>Que vous envisagiez une vente, une succession, une s\u00e9paration ou une simple estimation patrimoniale, je suis \u00e0 vos c\u00f4t\u00e9s pour vous apporter un conseil clair, objectif et utile, afin de vous permettre de prendre les bonnes d\u00e9cisions avec s\u00e9r\u00e9nit\u00e9<\/p>\t\t\t\t\t\t\t\t<\/div>\n\t\t\t\t<div class=\"elementor-element elementor-element-a9f2cd7 elementor-widget elementor-widget-button\" data-id=\"a9f2cd7\" data-element_type=\"widget\" data-widget_type=\"button.default\">\n\t\t\t\t\t\t\t\t\t\t<a class=\"elementor-button elementor-button-link elementor-size-sm elementor-animation-grow\" href=\"https:\/\/cam-immo.fr\/\">\n\t\t\t\t\t\t<span class=\"elementor-button-content-wrapper\">\n\t\t\t\t\t\t\t\t\t<span class=\"elementor-button-text\">Je fais estimer mon bien gratuitement<\/span>\n\t\t\t\t\t<\/span>\n\t\t\t\t\t<\/a>\n\t\t\t\t\t\t\t\t<\/div>\n\t\t\t\t<div class=\"elementor-element elementor-element-a47daf6 elementor-widget elementor-widget-button\" data-id=\"a47daf6\" data-element_type=\"widget\" data-widget_type=\"button.default\">\n\t\t\t\t\t\t\t\t\t\t<a class=\"elementor-button elementor-button-link elementor-size-sm elementor-animation-grow\" href=\"https:\/\/cam-immo.fr\/index.php\/contact\/\">\n\t\t\t\t\t\t<span class=\"elementor-button-content-wrapper\">\n\t\t\t\t\t\t\t\t\t<span class=\"elementor-button-text\">Je fais prends contact avec Cam-Immo<\/span>\n\t\t\t\t\t<\/span>\n\t\t\t\t\t<\/a>\n\t\t\t\t\t\t\t\t<\/div>\n\t\t\t\t<\/div>\n\t\t\t\t\t<\/div>\n\t\t\t\t<\/div>\n\t\t<div class=\"elementor-element elementor-element-38f7555 e-flex e-con-boxed e-con e-parent\" data-id=\"38f7555\" data-element_type=\"container\" data-settings=\"{&quot;background_background&quot;:&quot;classic&quot;}\">\n\t\t\t\t\t<div class=\"e-con-inner\">\n\t\t\t\t<div class=\"elementor-element elementor-element-0cd7fda elementor-widget elementor-widget-heading\" data-id=\"0cd7fda\" data-element_type=\"widget\" data-widget_type=\"heading.default\">\n\t\t\t\t\t<h2 class=\"elementor-heading-title elementor-size-default\">Ils ont fait confiance \u00e0 Cam-Immo \n<BR>pour vendre leur bien \u00e0 Marseille<\/h2>\t\t\t\t<\/div>\n\t\t\t\t\t<\/div>\n\t\t\t\t<\/div>\n\t\t<div class=\"elementor-element elementor-element-f95d9a6 e-flex e-con-boxed e-con e-parent\" data-id=\"f95d9a6\" data-element_type=\"container\" data-settings=\"{&quot;background_background&quot;:&quot;classic&quot;}\">\n\t\t\t\t\t<div class=\"e-con-inner\">\n\t\t<div class=\"elementor-element elementor-element-97a7855 e-con-full e-flex e-con e-child\" data-id=\"97a7855\" data-element_type=\"container\">\n\t\t\t\t<div class=\"elementor-element elementor-element-d07cc17 elementor-widget elementor-widget-eael-testimonial\" data-id=\"d07cc17\" data-element_type=\"widget\" data-widget_type=\"eael-testimonial.default\">\n\t\t\t\t\t\n\t<div id=\"eael-testimonial-d07cc17\" class=\"eael-testimonial-item clearfix  content-top-icon-title-inline rating-five\">\n\t\t\t\t\n\t\t\n\t\t\n\t\t\n\t\t\n\t\t\t\t\t<div class=\"eael-testimonial-content eael-testimonial-inline-bio\">\n\t\t\t\t\t\t\t\t<div class=\"bio-text\"><p class=\"eael-testimonial-user\">St\u00e9phanie<\/p><\/div>\n\t\t\t\t\t\t<ul class=\"testimonial-star-rating\">\n\t\t\t<li><i class=\"fas fa-star\" aria-hidden=\"true\"><\/i><\/li>\n\t\t\t<li><i class=\"fas fa-star\" aria-hidden=\"true\"><\/i><\/li>\n\t\t\t<li><i class=\"fas fa-star\" aria-hidden=\"true\"><\/i><\/li>\n\t\t\t<li><i class=\"fas fa-star\" aria-hidden=\"true\"><\/i><\/li>\n\t\t\t<li><i class=\"fas fa-star\" aria-hidden=\"true\"><\/i><\/li>\n\t\t<\/ul>\n\t\t\t\t\t<\/div>\n\t\t\t<div class=\"eael-testimonial-content\">\n\t\t\t\t<div class=\"eael-testimonial-text\"><p class=\"text-xl font-bold leading-snug empty:hidden\"><strong>\u00c9coute et disponibilit\u00e9<\/strong><\/p><div><div class=\"line-clamp-[5] whitespace-pre-line\"><p>Un agent tr\u00e8s \u00e0 l\u2019\u00e9coute, tr\u00e8s disponible et professionnel sur qui l\u2019on peut compter.<\/p><\/div><\/div><\/div>\t\t\t<\/div>\n\t\t\n\t\t\n\t\t\n\t\t<span class=\"eael-testimonial-quote\"><\/span>\n\t<\/div>\n\n\t\t\t\t\t<\/div>\n\t\t\t\t<\/div>\n\t\t<div class=\"elementor-element elementor-element-289034d e-con-full e-flex e-con e-child\" data-id=\"289034d\" data-element_type=\"container\">\n\t\t\t\t<div class=\"elementor-element elementor-element-bb27028 elementor-widget elementor-widget-eael-testimonial\" data-id=\"bb27028\" data-element_type=\"widget\" data-widget_type=\"eael-testimonial.default\">\n\t\t\t\t\t\n\t<div id=\"eael-testimonial-bb27028\" class=\"eael-testimonial-item clearfix  content-top-icon-title-inline rating-five\">\n\t\t\t\t\n\t\t\n\t\t\n\t\t\n\t\t\n\t\t\t\t\t<div class=\"eael-testimonial-content eael-testimonial-inline-bio\">\n\t\t\t\t\t\t\t\t<div class=\"bio-text\"><p class=\"eael-testimonial-user\">Laurence M.<\/p><\/div>\n\t\t\t\t\t\t<ul class=\"testimonial-star-rating\">\n\t\t\t<li><i class=\"fas fa-star\" aria-hidden=\"true\"><\/i><\/li>\n\t\t\t<li><i class=\"fas fa-star\" aria-hidden=\"true\"><\/i><\/li>\n\t\t\t<li><i class=\"fas fa-star\" aria-hidden=\"true\"><\/i><\/li>\n\t\t\t<li><i class=\"fas fa-star\" aria-hidden=\"true\"><\/i><\/li>\n\t\t\t<li><i class=\"fas fa-star\" aria-hidden=\"true\"><\/i><\/li>\n\t\t<\/ul>\n\t\t\t\t\t<\/div>\n\t\t\t<div class=\"eael-testimonial-content\">\n\t\t\t\t<div class=\"eael-testimonial-text\"><p class=\"text-xl font-bold leading-snug empty:hidden\"><strong>Disponible, professionnel et tr\u00e8s impliqu\u00e9<\/strong><\/p><div><div class=\"line-clamp-[5] whitespace-pre-line\"><p>Mr Blanc est tr\u00e8s impliqu\u00e9 et \u00e0 l&rsquo;\u00e9coute. Professionnel et disponible, il est de tr\u00e8s bons conseils et attentif aux attentes des vendeurs. Je recommande+++<\/p><\/div><\/div><\/div>\t\t\t<\/div>\n\t\t\n\t\t\n\t\t\n\t\t<span class=\"eael-testimonial-quote\"><\/span>\n\t<\/div>\n\n\t\t\t\t\t<\/div>\n\t\t\t\t<\/div>\n\t\t<div class=\"elementor-element elementor-element-d812ac9 e-con-full e-flex e-con e-child\" data-id=\"d812ac9\" data-element_type=\"container\">\n\t\t\t\t<div class=\"elementor-element elementor-element-c71a3d4 elementor-widget elementor-widget-eael-testimonial\" data-id=\"c71a3d4\" data-element_type=\"widget\" data-widget_type=\"eael-testimonial.default\">\n\t\t\t\t\t\n\t<div id=\"eael-testimonial-c71a3d4\" class=\"eael-testimonial-item clearfix  content-top-icon-title-inline rating-five\">\n\t\t\t\t\n\t\t\n\t\t\n\t\t\n\t\t\n\t\t\t\t\t<div class=\"eael-testimonial-content eael-testimonial-inline-bio\">\n\t\t\t\t\t\t\t\t<div class=\"bio-text\"><p class=\"eael-testimonial-user\">Julie D.<\/p><\/div>\n\t\t\t\t\t\t<ul class=\"testimonial-star-rating\">\n\t\t\t<li><i class=\"fas fa-star\" aria-hidden=\"true\"><\/i><\/li>\n\t\t\t<li><i class=\"fas fa-star\" aria-hidden=\"true\"><\/i><\/li>\n\t\t\t<li><i class=\"fas fa-star\" aria-hidden=\"true\"><\/i><\/li>\n\t\t\t<li><i class=\"fas fa-star\" aria-hidden=\"true\"><\/i><\/li>\n\t\t\t<li><i class=\"fas fa-star\" aria-hidden=\"true\"><\/i><\/li>\n\t\t<\/ul>\n\t\t\t\t\t<\/div>\n\t\t\t<div class=\"eael-testimonial-content\">\n\t\t\t\t<div class=\"eael-testimonial-text\"><p class=\"text-xl font-bold leading-snug empty:hidden\"><strong>Disponible et \u00e0 l\u2019\u00e9coute.<\/strong><\/p><div><div class=\"whitespace-pre-line\">\u00a0<\/div><\/div><div><div class=\"line-clamp-[5] whitespace-pre-line\"><p>Camille, a r\u00e9ussi \u00e0 trouver le bien qui correspond \u00e0 notre projet. Il a \u00e9t\u00e9 tr\u00e8s \u00e0 l\u2019\u00e9coute et tr\u00e8s patient malgr\u00e9 nos nombreuses demandes. Merci ! Nous n\u2019h\u00e9siterons pas \u00e0 vous recontacter pour les prochaines op\u00e9rations.<\/p><\/div><\/div><\/div>\t\t\t<\/div>\n\t\t\n\t\t\n\t\t\n\t\t<span class=\"eael-testimonial-quote\"><\/span>\n\t<\/div>\n\n\t\t\t\t\t<\/div>\n\t\t\t\t<\/div>\n\t\t\t\t\t<\/div>\n\t\t\t\t<\/div>\n\t\t\t\t<\/div>\n\t\t","protected":false},"excerpt":{"rendered":"<p>A propos de Cam-Immo Camille Blanc conseiller immobilier ind\u00e9pendant Votre expert immobilier \u00e0 Marseille En tant que mandataire immobilier ind\u00e9pendant IAD France \u00e0 Marseille, j\u2019accompagne chaque propri\u00e9taire avec une approche fond\u00e9e sur la transparence, l\u2019honn\u00eatet\u00e9 et le professionnalisme. Mon r\u00f4le n\u2019est pas de promettre la lune, mais de vous offrir une expertise fiable, bas\u00e9e sur [&hellip;]<\/p>\n","protected":false},"author":1,"featured_media":0,"parent":0,"menu_order":0,"comment_status":"closed","ping_status":"closed","template":"elementor_header_footer","meta":{"footnotes":""},"class_list":["post-297","page","type-page","status-publish","hentry"],"_links":{"self":[{"href":"https:\/\/cam-immo.fr\/index.php\/wp-json\/wp\/v2\/pages\/297","targetHints":{"allow":["GET"]}}],"collection":[{"href":"https:\/\/cam-immo.fr\/index.php\/wp-json\/wp\/v2\/pages"}],"about":[{"href":"https:\/\/cam-immo.fr\/index.php\/wp-json\/wp\/v2\/types\/page"}],"author":[{"embeddable":true,"href":"https:\/\/cam-immo.fr\/index.php\/wp-json\/wp\/v2\/users\/1"}],"replies":[{"embeddable":true,"href":"https:\/\/cam-immo.fr\/index.php\/wp-json\/wp\/v2\/comments?post=297"}],"version-history":[{"count":34,"href":"https:\/\/cam-immo.fr\/index.php\/wp-json\/wp\/v2\/pages\/297\/revisions"}],"predecessor-version":[{"id":466,"href":"https:\/\/cam-immo.fr\/index.php\/wp-json\/wp\/v2\/pages\/297\/revisions\/466"}],"wp:attachment":[{"href":"https:\/\/cam-immo.fr\/index.php\/wp-json\/wp\/v2\/media?parent=297"}],"curies":[{"name":"wp","href":"https:\/\/api.w.org\/{rel}","templated":true}]}}